*2 + 2 + 65*m - m**3 + 7*m**2 - 64*m. Let j be b(12). What is the greatest common divisor of j and 98?
14
Let x = -140 - -48. Let r = 107 + x. What is the greatest common factor of r and 15?
15
Suppose g = 0, 4*g - 2 = -y - 0. Let z(i) = -i - 25. Let m be z(17). Let l = m - -44. Calculate the greatest common divisor of l and y.
2
Let c be (-7090)/(-15) - (-2)/(-24)*8. Calculate the greatest common divisor of c and 59.
59
Let j = -75 - -61. Let i be (-8)/j*7/2. Calculate the greatest common factor of 16 and i.
2
Suppose -2*v - 5*z = -14, -2*v - 3*z + 12 = z. Suppose v = -3*o + 47. Calculate the highest common factor of 165 and o.
15
Suppose 34 = 7*m - 148. Let a(o) = o**2 + 10*o - 28. Let x be a(9). Calculate the greatest common divisor of x and m.
13
Suppose -3*v + 2*j - 18 = 0, 0 = -0*v - 2*v - 5*j + 7. Let d be (v/(-8))/((-2)/(-164)). Suppose d = -3*k + 146. What is the highest common divisor of k and 5?
5
Let w be ((-8)/(-14))/((-5)/(-70)). What is the greatest common factor of 8 and w?
8
Let o(b) = b**2 - 18*b + 90. Let v be o(8). Calculate the highest common divisor of v and 370.
10
Suppose 10*c + 181 = 921. Calculate the greatest common factor of c and 2.
2
Let v = -3 - 43. Let r = -44 - v. Calculate the greatest common divisor of r and 14.
2
Let d = 188 - 93. Suppose b - 62 = 3*j + 3*b, -5*j - 5*b = d. Let l = 96 + j. Calculate the highest common factor of l and 9.
9
Let n = -20 + 0. Let w = -10 - n. Let a be (-36 - -24) + (-2 - -94). Calculate the greatest common factor of a and w.
10
Let k be ((-854)/(-56))/(1 - 3/4). Let o be 9/12*(3 - (-4 - k)). Let n be (2/2)/((-1)/(-17)). Calculate the highest common divisor of o and n.
17
Let c = -570 - -674. Calculate the greatest common divisor of 364 and c.
52
Let c(m) = 0 + 0 - m + 7*m - m**2. Let a be c(4). Suppose 2*f = -k + f, a = -4*f. What is the greatest common divisor of 2 and k?
2
Let q(i) = 2*i - 10. Let z be q(8). Suppose -z*o + 2*o = -468. Suppose 2*d = -4*m + 2*m + 22, -5*d + 29 = 3*m. Calculate the highest common divisor of m and o.
13
Suppose 0 = -172*q + 155*q + 1428. What is the greatest common factor of q and 1428?
84
Let r(w) = w**2 - 7*w - 2. Let m be r(-4). Calculate the greatest common divisor of m and 48.
6
Let y be (-2)/(-15) - (2 - (-11854)/30). Let s = 694 + y. Calculate the greatest common factor of s and 27.
27
Suppose 9*o = 424 + 224. Let u = 10 + -1. Calculate the greatest common factor of u and o.
9
Suppose -12*t - 31 + 535 = 0. Let v = -63 + 36. Let x = v + t. What is the greatest common factor of x and 105?
15
Suppose 70 = 5*l - 2*h, -3*h - 3 = -l + 2*l. Suppose 0 = 2*d - d - l. Suppose p = -2*p + d. Calculate the highest common divisor of 12 and p.
4
Suppose 2*n - 4*r + 6 - 14 = 0, n = r + 4. Suppose 0 = 3*a - 3, n*u + 0*a - 5*a = 187. Calculate the greatest common factor of 12 and u.
12
Let c = 120 + -57. Let z = -292 - -334. Calculate the highest common divisor of c and z.
21
Let s be (24/5)/((-66)/(-220)). Calculate the highest common divisor of s and 80.
16
Let u be 37/3 - 2/(-3). Suppose 0 = 2*a - u - 15. Let p = 222 - 194. What is the highest common divisor of a and p?
14
Suppose -11*b = -30*b + 3648. What is the greatest common divisor of 16 and b?
16
Suppose 10 = j + 4. Suppose 0*l - 8*l = 40. Let u be (-376)/(-9) + l/(180/(-8)). Calculate the highest common factor of j and u.
6
Suppose 76 - 190 = -6*p. Calculate the highest common factor of p and 361.
19
Let z be (1 + -2)/(83/(-5976)). Suppose -3*l + l = -16. Calculate the highest common divisor of l and z.
8
Let m = 15 + -13. Let t be m + 2*20/8. Let d be 44/t + 2/(-7). What is the greatest common divisor of d and 2?
2
Suppose 4*j - 3*t = -6*t + 16, 5*j = -3*t + 17. Let x be (j/(-2 + 3))/(-1). Let s be 2 + (x + 5)*5. What is the greatest common factor of 55 and s?
11
Suppose 23*i + 1372 - 3534 = 0. Calculate the highest common divisor of i and 47.
47
Let j = 8 + -4. Suppose 5*l - 4*d = -18, j*d - 6 = d. Let k be 279/21 - l/(-7). Calculate the highest common factor of k and 104.
13
Let l be (0 + -1 + -1)*-8*18. Let b be (-3 - -9) + -6 + 32. What is the greatest common divisor of b and l?
32
Suppose -9*v + 238 = -59. Calculate the greatest common factor of 407 and v.
11
Suppose 18*w - 1904 = w. What is the highest common factor of w and 84?
28
Let l = 12 + 10. Let u be 23*(1 - -7 - -1). Let v = u - 31. Calculate the greatest common factor of v and l.
22
Let p(a) be the second derivative of -3*a**3 - 27*a**2 - 47*a. Let x be p(-4). Calculate the highest common factor of x and 198.
18
Let c(q) = q**2 + 17*q + 23. Suppose 3*o + 3*d = -2*d - 53, 5*o + 82 = -2*d. Let z be c(o). What is the greatest common divisor of 77 and z?
7
Let g be (-444)/8*(-4)/6. Let r = 43 - g. What is the highest common divisor of r and 48?
6
Let c(g) = -g**2 + 9*g + 228. Let y be c(0). Calculate the highest common factor of 190 and y.
38
Let x = 24 - 7. Let h be 134/x - (-8)/68. What is the greatest common factor of h and 128?
8
Let o(h) = -2*h**3 + 5*h**2 - 2*h - 35. Let r be o(-5). What is the greatest common factor of 40 and r?
10
Let f = -94 - -105. What is the greatest common divisor of 341 and f?
11
Let b be (3/6 + -1)*0. Let y be -12*(b - (-2)/(-6)). Suppose y*l = -d + 881, d + 0*d + 659 = 3*l. Calculate the highest common divisor of 20 and l.
20
Let c = -51 + 84. Let g = -31 + c. Calculate the greatest common divisor of 16 and g.
2
Let h = -117 - -120. Suppose 0 = -h*t + 5*a + 190, 7*a + 170 = 3*t + 6*a. Let d = 0 + 22. Calculate the greatest common divisor of d and t.
11
Suppose 0 = -b - 4 + 28. Suppose -5*r = -7 - 3. Let y(n) = 7*n + 2. Let z be y(r). Calculate the greatest common divisor of b and z.
8
Suppose -5*i = 3*p + 49, -5*p = -2*p - 3*i + 57. Let d be 9/p + 9/2. What is the greatest common factor of 4 and d?
4
Let w = 241 + 77. Suppose -2*n = -2*d + w, -d - 2*n = n - 147. Calculate the highest common divisor of 12 and d.
12
Let d(f) = 37*f**3 - 2*f**2 - 4*f + 5. Let w = 105 + -104. Let j be d(w). Calculate the greatest common divisor of j and 198.
18
Suppose -364*w - 1444 = -383*w. Calculate the greatest common factor of 380 and w.
76
Let n = -49 - -52. Suppose 4*c = 3*s + 58, -n*c - 5*s = 2*c - 55. What is the highest common factor of c and 91?
13
Let q be 11 + (-3)/((-9)/(-12)). Let p = -121 - -235. Suppose 4*s - p = 138. Calculate the greatest common factor of q and s.
7
Suppose 2*d - 3*z = 35, -5*d + 3*z = 5*z - 40. Suppose -20*v + 16878 = 58*v + 3618. What is the greatest common divisor of d and v?
10
Let x(g) = -4*g**2 + 7*g + 9. Let m(s) = -5*s**2 + 8*s + 8. Let h(v) = 3*m(v) - 4*x(v). Let l be h(7). What is the highest common factor of l and 1?
1
Let k be -3440*((-24)/27 + 4/(-36)). Calculate the highest common divisor of 80 and k.
80
Let k(t) = 9*t - 89. Let j be k(10). Calculate the greatest common divisor of j and 97.
1
Suppose -4*g - 188 = -3*d, d - 209 = -3*d - 3*g. Let n(k) = -7*k + 1 + 4 + 0 - k**2 + 3. Let u be n(-6). What is the greatest common factor of d and u?
14
Suppose 0 = 3*b, -l - b = -2*b - 187. Calculate the highest common factor of l and 51.
17
Suppose 5 = -7*u + 6*u, -2*d + 4*u = -44. What is the highest common factor of d and 192?
12
Let q(a) = a**2 + 25*a - 321. Let m be q(-35). What is the greatest common divisor of 4 and m?
1
Suppose -740 - 1276 = -21*k. Calculate the greatest common factor of 120 and k.
24
Let v(t) = -t**3 + 53*t**2 + t + 99. Let a be v(53). What is the greatest common divisor of a and 40?
8
Let b = 274 + -154. What is the greatest common divisor of 15 and b?
15
Let p(l) = 46*l**3 + l**2 + 4*l - 8. Let d be p(2). Calculate the greatest common divisor of d and 12.
12
Suppose 1 = -2*g - 0*p - p, -5 = -3*g + 5*p. Suppose g = -5*s + m + 66, 2*m - 5*m = -4*s + 44. What is the greatest common divisor of 126 and s?
14
Let j be (6/4)/(2/((-980)/(-15))). Suppose 5*y - j = 51. Suppose -2*m - 2*m = 5*a - 32, -5*m = 2*a - 23. Calculate the greatest common divisor of y and a.
4
Suppose 0 = 3*p + 4 + 8. Let f = p - -6. Let z be 0 + 3 - (-12 - f). What is the highest common divisor of z and 68?
17
Let f = -405 - -730. What is the greatest common divisor of 39 and f?
13
Let h(l) = -2*l**2 + 16*l + 2. Let u be h(8). Calculate the greatest common factor of 8 and u.
2
Let o(n) 